-15 - -26. Calculate the highest common divisor of 33 and z.
11
Let g be 18/6 + -2 + (-6)/(-1). Calculate the greatest common divisor of g and 77.
7
Let q be 62/10 - 3/15. Let v be (q/(-5))/((-8)/20). What is the highest common divisor of v and 2?
1
Let q(y) = 6*y**2 - y. Let l be q(1). Let r be (20/6)/(l/(-15)). Let m be 8/20 - 126/r. What is the highest common factor of m and 13?
13
Let i(q) = q**2 - 10*q + 19. Let o be i(9). Calculate the highest common factor of 4 and o.
2
Suppose 2*v - 32 = 6*v. Let z be (v/10)/((-1)/5). Suppose -z*g - 3*u + 45 + 33 = 0, 3*g - u - 52 = 0. What is the highest common factor of 45 and g?
9
Let q(w) = 2*w + 2. Let z be q(-2). Let n be z/6 + (-56)/(-6). What is the highest common factor of 99 and n?
9
Let y = 218 + -97. Let r be (y/(-44))/((-1)/4). Calculate the highest common factor of 121 and r.
11
Suppose -6*l = l. Let m = -15 + 11. Let w = l - m. Calculate the greatest common divisor of w and 12.
4
Let f be 2/(-9) - (-392)/63. Suppose b - f*g - 27 = -4*g, 5*b - 2*g - 103 = 0. Calculate the highest common factor of 76 and b.
19
Let s(q) = q**3 + 9*q**2 + 10*q + 3. Let l be s(-6). Let r = 209 + -137. Let x = r - l. What is the highest common factor of x and 7?
7
Let o be 4/(-16) + 46/(-8). Let v = 42 + -27. Let s = v + o. What is the highest common divisor of s and 1?
1
Suppose -282 + 54 = -4*w. Suppose 5*d - 19 = -4*f + 96, 3*f + 4 = d. What is the highest common factor of d and w?
19
Suppose 3*t - 28 = 3*i + 98, -2*t - 5*i = -70. Suppose 11*k - 14 = 41. Calculate the highest common factor of k and t.
5
Suppose -l = 3*b - 8, 2*l + 7 = -b + 3. Calculate the highest common divisor of b and 16.
4
Suppose -33 = -m + 5*i, -4*i = -m - m + 84. Calculate the greatest common factor of m and 32.
16
Let z = 243 - 135. Calculate the highest common factor of z and 12.
12
Let c(f) = -151*f + 2. Let t be c(-1). What is the greatest common factor of t and 17?
17
Let j(o) = o**2 - 4*o + 33. Let l be j(-11). What is the highest common factor of 44 and l?
22
Suppose 0 = -4*x + 6*x - 4. Suppose 0 = -6*y + x*y + 720. Calculate the greatest common factor of y and 20.
20
Let t = 19 + 119. Suppose 2*g - 70 = t. Let l be g/18 - 2/(-9). What is the greatest common factor of l and 9?
3
Let s = 7 - -6. Let c = 137 - 20. What is the greatest common factor of c and s?
13
Let c = -12 - -20. Calculate the highest common factor of c and 88.
8
Let x be (8/(-6))/(7/(-21)). Suppose 20 = -x*l - 0, 3*t = 5*l + 46. What is the greatest common divisor of 70 and t?
7
Let l(o) = 265*o**3 - 3*o**2 + 2. Let f be l(1). What is the greatest common factor of f and 24?
24
Let f = 86 + -41. What is the greatest common factor of 10 and f?
5
Let y(v) = v + 1. Let x be y(-4). Let l be 2/(x/(72/(-2))). Calculate the highest common factor of l and 60.
12
Suppose a + 53 = -5*k + 211, 4*k + 3*a - 122 = 0. Let f = 17 + -1. Calculate the greatest common divisor of k and f.
16
Let j(v) = 7*v + 8*v**2 + 0*v - 6 - 2*v + v**3. Let i be j(-5). Let y be (12/2)/(6/i). What is the greatest common factor of y and 11?
11
Suppose 16 = 2*j - 14. Suppose 19*l - 330 = 17*l. Calculate the highest common factor of j and l.
15
Let p be 0 + 18*3/6. Calculate the greatest common factor of p and 9.
9
Let j(i) be the third derivative of 7*i**5/60 + 3*i**2. Let a be j(1). What is the highest common factor of 7 and a?
7
Let m(u) = u**2 + 10*u + 16. Let s be m(-11). What is the greatest common divisor of s and 135?
27
Suppose 18 = 2*b - 6. Suppose -g - 3*g + b = 0. Let x = g + 4. What is the greatest common divisor of 63 and x?
7
Let a(i) = -15*i - 2. Suppose 2 = -0*z - z. Let y be a(z). Let n be ((-42)/(-4))/(3/4). Calculate the greatest common factor of n and y.
14
Let y = 550 + -385. Suppose 3*u - 5*u = -36. Let w = u + -3. What is the greatest common divisor of w and y?
15
Let l be (16/(-10))/2 - (-294)/30. Let c(y) = 8*y**2 - 2*y - 1. Let q be c(2). What is the highest common divisor of q and l?
9
Suppose -2*a = 5*z + 22 - 97, -31 = -2*z - a. Calculate the greatest common divisor of 13 and z.
13
Let k = -18 + 34. What is the greatest common factor of k and 4?
4
Suppose 2*q = 8 + 2. Let m be 47/5 + 60/100. Suppose -3*z + 5 = -m. Calculate the highest common divisor of z and q.
5
Let n be 2 - (-5)/(-1) - 2. Let d(k) = -k**2 - 5*k + 2. Let z be d(7). Let b be (-2)/5 + z/n. Calculate the greatest common factor of b and 8.
8
Let k(t) = -t + 3*t + t**3 + 10*t**2 + 8 + 5*t. Suppose 5*u + 17 = -23. Let d be k(u). Calculate the greatest common divisor of 10 and d.
10
Suppose 6*q = 2*u + 2*q, 3*u + 5*q = 22. Suppose -u*d + 44 = -3*d. What is the highest common factor of 4 and d?
4
Suppose 0 = -6*k + k + 10. Suppose 119 + 21 = k*g. What is the highest common divisor of g and 14?
14
Let v(b) = 3*b**2 + 5*b + 4. Let t be v(-3). What is the greatest common factor of t and 80?
16
Suppose 0*z - 10 = -2*d - 4*z, -2*z = 4*d - 50. What is the greatest common factor of 120 and d?
15
Let z = 12 + -3. Let l = z + -5. Let k be ((-2)/l)/(1/(-12)). Calculate the greatest common factor of k and 4.
2
Let f(w) = -7*w**2 - 10 - w**3 - 5*w**2 + 4*w**2 + 0 - 11*w. Let d be f(-7). What is the greatest common factor of d and 144?
18
Let n(s) = -s + 5. Let r be n(0). Let l = r - 5. Suppose l = 2*c - 5*x - 51, 0 = -2*c - 4*x + 1 + 5. What is the greatest common factor of 26 and c?
13
Suppose 0 = 2*g + 5*y - 61 - 8, 111 = 3*g + 5*y. What is the greatest common factor of g and 21?
21
Suppose -3*l = g - 23, -2*g - 4*l + 15 + 21 = 0. Calculate the greatest common factor of g and 56.
8
Let u = 598 - 328. Calculate the greatest common factor of u and 30.
30
Let f(k) = -15*k - 4. Let p be f(2). Let v = p + 48. Let z be 1*(-252 + 0)/(-2). What is the highest common factor of z and v?
14
Let m be 4/(-16) + 14/(-8). Let x be (m/(-5))/((-1)/(-175)). Suppose v - 2*r = x, 5*r = 7 - 2. What is the greatest common divisor of 12 and v?
12
Let u = -1 - -3. Suppose 0 = -w - 2*w - 2*i + 178, 4*i = u*w - 124. Calculate the highest common divisor of 24 and w.
12
Let l(u) = u**3 - 2*u**2 - 2. Let x be l(2). Let m be (-6)/4*x + 36. What is the highest common divisor of 26 and m?
13
Let a(h) = h + 9. Let v be a(-2). Calculate the greatest common factor of 98 and v.
7
Let d be -1 - (3 + 6/(-2)*2). Calculate the highest common factor of d and 1.
1
Suppose -142 = 3*k - 25. Let c = -15 - k. Calculate the greatest common factor of 16 and c.
8
Suppose k = 30 + 18. Let c = 68 - k. What is the greatest common divisor of 140 and c?
20
Suppose 5*t - 3*c = 17, 5*t + 4*c - 16 = 8. Suppose 5*x + 5*y - 225 = 0, -67 - 106 = -4*x + 3*y. What is the greatest common factor of t and x?
4
Suppose 3*r + 4*p - 24 - 26 = 0, -p = -5. Let z be (-7)/((-7)/r) + 3. Calculate the greatest common divisor of z and 91.
13
Suppose 4*n = -5*t + 61, 5*t + 2*n = 68 - 5. Calculate the greatest common divisor of t and 117.
13
Suppose 45 = f + 24. What is the greatest common divisor of f and 105?
21
Let a(h) = 52*h + 4. Let o be a(3). Calculate the greatest common factor of 16 and o.
16
Suppose -3*f - 4*v - 18 = -7, 3*v = 12. Let m = 8 - f. Calculate the greatest common factor of m and 51.
17
Let k(i) = -i**2 + 8*i - 7. Let c be k(3). Let u = 13 - -51. Calculate the highest common divisor of u and c.
8
Let g = 20 + -2. What is the highest common factor of g and 144?
18
Let h = 3 + 41. Let v be (-21)/(-2)*(-4)/6. Let i = v + 18. What is the greatest common factor of h and i?
11
Let s = 115 + -71. Suppose z - 115 = -2*b, -2*z - 5*b + 181 = -s. What is the greatest common factor of z and 50?
25
Suppose -x = -2*x. Suppose q - 21 - 3 = x. Calculate the greatest common factor of q and 60.
12
Suppose 5*w = 4*k - 588, 4*k + 4*w = 358 + 266. What is the highest common factor of 19 and k?
19
Suppose 35 = -3*h + 41. Calculate the highest common factor of 14 and h.
2
Suppose 0 = n + 5 - 1, 3*u - 4 = -5*n. What is the highest common factor of u and 88?
8
Let v(h) = -10*h - 1. Suppose -1 = 2*p + 1. Let o be v(p). Calculate the greatest common divisor of o and 1.
1
Let h be 4/12 + (-67)/3. Let l = h + 27. What is the highest common factor of 35 and l?
5
Let k(n) = -10*n. Suppose -q - 10 = -3*m, -6*q = m - 4*q + 6. Suppose a = -a - m. Let o be k(a). Calculate the greatest common divisor of